{"id":4757,"date":"2023-09-22T16:19:06","date_gmt":"2023-09-22T15:19:06","guid":{"rendered":"https:\/\/urchoicestore.ma\/?post_type=product&#038;p=4757"},"modified":"2023-09-25T23:15:39","modified_gmt":"2023-09-25T22:15:39","slug":"phixero-memorycardreader-usb30stick","status":"publish","type":"product","link":"https:\/\/urchoicestore.ma\/index.php\/product\/phixero-memorycardreader-usb30stick\/","title":{"rendered":"PHIXERO Cl\u00e9 Lecteur Carte M\u00e9moire USB3.0(Lecteur MultiCarte Simultan\u00e9ment)"},"content":{"rendered":"","protected":false},"excerpt":{"rendered":"","protected":false},"featured_media":4759,"comment_status":"open","ping_status":"closed","template":"","meta":[],"product_cat":[225],"product_tag":[289,242,291,221,226,288,290,294],"jetpack_sharing_enabled":true,"_links":{"self":[{"href":"https:\/\/urchoicestore.ma\/index.php\/wp-json\/wp\/v2\/product\/4757"}],"collection":[{"href":"https:\/\/urchoicestore.ma\/index.php\/wp-json\/wp\/v2\/product"}],"about":[{"href":"https:\/\/urchoicestore.ma\/index.php\/wp-json\/wp\/v2\/types\/product"}],"replies":[{"embeddable":true,"href":"https:\/\/urchoicestore.ma\/index.php\/wp-json\/wp\/v2\/comments?post=4757"}],"version-history":[{"count":6,"href":"https:\/\/urchoicestore.ma\/index.php\/wp-json\/wp\/v2\/product\/4757\/revisions"}],"predecessor-version":[{"id":4809,"href":"https:\/\/urchoicestore.ma\/index.php\/wp-json\/wp\/v2\/product\/4757\/revisions\/4809"}],"wp:featuredmedia":[{"embeddable":true,"href":"https:\/\/urchoicestore.ma\/index.php\/wp-json\/wp\/v2\/media\/4759"}],"wp:attachment":[{"href":"https:\/\/urchoicestore.ma\/index.php\/wp-json\/wp\/v2\/media?parent=4757"}],"wp:term":[{"taxonomy":"product_cat","embeddable":true,"href":"https:\/\/urchoicestore.ma\/index.php\/wp-json\/wp\/v2\/product_cat?post=4757"},{"taxonomy":"product_tag","embeddable":true,"href":"https:\/\/urchoicestore.ma\/index.php\/wp-json\/wp\/v2\/product_tag?post=4757"}],"curies":[{"name":"wp","href":"https:\/\/api.w.org\/{rel}","templated":true}]}}